. Let r(z) = t*s(z) - 2*f(z). What is r(a)?
1
Let z(r) = -7 - 31*r + 31*r - 6*r**2 + r**3. Let o = 4586 - 4580. Determine z(o).
-7
Let t = 284 - 283. Let y be (1 - (-1 + 7))/t. Let z(i) = 3*i + 3. Give z(y).
-12
Suppose 20*r + 25 = 21*r. Let k = r - 20. Let z(q) be the third derivative of -q**4/12 + 13*q**2. What is z(k)?
-10
Suppose 5*i = -34 + 89. Let n be (8/(-6))/(i/(-33)). Let o(l) = -2*l**2 + 5*l - 5. Give o(n).
-17
Let q(z) = -1 + 89*z**2 - 19*z - 90*z**2 + 18*z. Let i(t) = -5*t**2 - 11*t - 4. Let u(f) = i(f) - 6*q(f). Calculate u(5).
2
Let o be (-98)/(-6) - 15/(-9). Let z(b) = -7*b - 6*b + o*b - 15*b - 1. What is z(3)?
-31
Let c(r) = 9*r**2 + 1. Let f = 829 - 921. Let w be (248/12)/(2/(-9)). Let o = f - w. What is c(o)?
10
Let d(j) be the second derivative of -2*j**5/15 - j**4/8 + j**3 + 15*j. Let t(u) be the second derivative of d(u). What is t(-2)?
29
Let t(o) = -3*o**2 + 2*o - 1. Suppose 5*c + 23 = 213. Let x be c/5 - 10/(-25). Suppose -x*k + 18 + 6 = 0. What is t(k)?
-22
Let n(c) be the second derivative of c**5/20 + 2*c**4/3 + 7*c**3/6 - 631*c. Suppose -o + 0 = -7. Let z be (1/(-1))/(1/o). What is n(z)?
0
Let n(r) = r - 4. Let i(a) = -9*a**2 - 24. Let y(z) = -i(z) + 5*n(z). Give y(-3).
70
Let j(g) = -g. Let h(d) = d**2 - 2*d - 1. Let z = -2 - -1. Let v(o) = z*h(o) + 4*j(o). Suppose 2*n + 5 + 2 = b, -b + 4*n + 13 = 0. Give v(b).
-2
Let x(b) = b**3 - 24*b**2 - 84*b + 84. Let k be x(27). Let v(h) = -h**3 + 2*h**2 + h + 3. Calculate v(k).
-3
Let r(z) = 7*z - 18. Let a(d) = 15*d - 40. Let c(q) = 4*a(q) - 9*r(q). Suppose 6*w = w + 4*p - 22, 2*w - 11 = -5*p. Calculate c(w).
8
Suppose d = -3*q + 4*d - 3, 0 = 2*q - 5*d + 17. Let r(x) = -q*x + 12*x - 12*x. Let b = 12 - 15. Calculate r(b).
12
Suppose -i - f - 4 = -4*i, 4 = i + f. Let a = 21 - -85. Let q(d) = -d**3 + 199*d - 9*d**i - 100*d - 8 - a*d. Calculate q(-8).
-16
Suppose -2*j + j = -4. Suppose w = 3*o - 11, 0 = -j*o + 3*w - 5*w - 2. Let s(i) be the second derivative of -5*i**3/6 + i**2 + 19*i. Calculate s(o).
-8
Let r be ((-5)/20 - 82/8)*4/6. Let h(w) = w**2 + 6*w + 7. Calculate h(r).
14
Let f(v) = 5*v - 27. Let b = -21566 + 21569. Determine f(b).
-12
Let p(c) = -6*c + c**2 + c - 20*c + 6*c + 7 + 11*c. Give p(-4).
55
Let m = -471 - -1418/3. Let z(t) be the first derivative of 16 - 1/4*t**4 + 2*t + t**2 - m*t**3. Give z(-5).
-8
Let k(c) = 1 + 3856*c**2 - 9 - 12*c - 3853*c**2. Determine k(5).
7
Let t = 14111 - 14110. Let b(l) = 15*l - 5. What is b(t)?
10
Let x = 497 + -500. Let y(z) = -20*z - 36. Let m(f) = 4*f + 7. Let v(w) = 11*m(w) + 2*y(w). What is v(x)?
-7
Let o(h) = -89*h - 3. Let v(u) = 118*u + 2. Let r(z) = 4*o(z) + 3*v(z). Let d = 0 + -6. Give r(d).
6
Let b(z) = -z**3 - 8*z**2 + 4*z + 5. Let m be b(-7). Let d = m - -127. Let a(t) = -d*t + 113*t - 2 - 56*t. What is a(-3)?
-8
Let l(q) = -24*q - 147. Let s(u) = 215*u + 1325. Let z(v) = -35*l(v) - 4*s(v). Let b be z(-8). Let g(k) = 5*k + 4. Determine g(b).
29
Let w(c) = -79*c + 786. Let v be w(10). Let l(h) = -2*h**2 + 4*h. Determine l(v).
-48
Let x(f) = -75*f - 8. Let d(c) = -42*c - 4. Let m(q) = -7*d(q) + 4*x(q). Calculate m(5).
-34
Let v(q) = -34*q - 2 + 15*q - 1 + 36 - q**3 + 18*q + 30*q**2. Let n be v(30). Let i(g) = -g**2 + 5*g - 2. What is i(n)?
4
Let l(g) = 3*g**2 - 1125*g + 596*g - 4*g**2 + 520*g - 10. Let a be ((0/(-2))/(-3))/2. Suppose -27 = 3*r - a*r. Determine l(r).
-10
Let t(p) = -p**3 - 4*p**2 - 5*p - 3. Suppose 0 = -26*j + 21*j - 3*v, -5*j + 5 = 4*v. Determine t(j).
3
Let h(y) = 2*y**2 + 36*y - 13. Let t(r) = -182*r - 19. Let z be t(0). Determine h(z).
25
Let y = -3697 + 3701. Let r(g) = 3*g**2 + g - 9. Give r(y).
43
Let l = -249 - -253. Let o(j) = 10 - 6*j - 10 - j**2 + l*j. Give o(-4).
-8
Let u(n) = -n**3 + n**2 + n - 2. Let d(l) = 3*l**2 - 11*l. Let a be d(6). Let q = -40 + a. Calculate u(q).
-4
Let l(d) = 20*d - 4 - 5*d + 0*d**2 + d**2. Let r(x) = 11*x**2 + 275*x + 1679. Let y be r(-14). What is l(y)?
-4
Let s = -110 + 215. Let n = s + -103. Suppose 0*p + n*p + c - 5 = 0, 0 = 3*c - 3. Let l(k) = 4*k - 3. Determine l(p).
5
Let j(o) = 5 + 26431*o - 26432*o - 3. Let u be (8/(-6))/(6/(-18)). Let s(v) = -v**2 + 4*v - 4. Let d be s(u). Determine j(d).
6
Suppose 13*x = 20*x. Let d(y) = -y**3 - 6*y + x*y + y + 4*y + 3 - 4*y**2 - 2*y. Calculate d(-3).
3
Let s(w) be the third derivative of -w**4/24 - w**3/6 + 21*w**2 - 21. Determine s(-11).
10
Let z be 6*6/(-54)*5*-3. Let s(t) = -38 - 2*t**2 + 3*t**2 + 0*t + 52 - 12*t. What is s(z)?
-6
Let z(x) = -9*x + 33. Let a(p) be the first derivative of p**2 - 6*p - 75. Let r(q) = 11*a(q) + 2*z(q). What is r(2)?
8
Let f(s) be the third derivative of -s**4/24 + 7*s**3/2 - 1793*s**2. What is f(-4)?
25
Let f(k) = 3*k - 5*k - 62 - 3*k - k**2 - 140 + 198. Suppose -4*i - t + 4*t = 12, 0 = -2*i + 4*t - 6. What is f(i)?
2
Let b(a) = 8*a**2 + 3*a + 10. Let w be b(-2). Let z = 19 + w. Let p = z + -54. Let q(i) = -14*i**2 - i. Give q(p).
-15
Suppose -3*h + 2*k = 5, 128*h - 4 = 131*h - k. Let c(g) = -63*g**2 + g. Determine c(h).
-64
Let u(x) = -x**2 - 11*x - 8. Let s(m) = -m**2 + 12*m + 313. Let d be s(-13). Calculate u(d).
-20
Let c(k) be the second derivative of 1/2*k**2 - 15*k - 1/6*k**3 + 0. Give c(4).
-3
Let r(l) = -l**3 + 9*l**2 - 25*l + 119. Let c(h) = -33*h**2 + 153*h + 68. Let f be c(5). Determine r(f).
-17
Suppose -39 = -55*h + 245 + 321. Let g(t) = -10*t**2 + 109*t + 9. What is g(h)?
-2
Let k = 3487 + -3493. Let w(t) = t**3 + t**2 - 30*t - 7. What is w(k)?
-7
Suppose -108 = -33*x + 849. Let c(j) = -11 - 11*j + j**3 + 22*j - x*j**2 + 41*j**2. Give c(-11).
-11
Let k(g) = 9*g + g**2 - 2 + 5 - 2*g**2. Let u be 4 - (4/(-6) + 400/(-75)). Determine k(u).
-7
Suppose -3*j = -j + 8. Let p(x) = -6 - 7 - 5*x + 17 - 7. Calculate p(j).
17
Suppose -3*n - 16 = 14. Let s(j) = -12*j - 114. Let w be s(n). Let r(g) be the second derivative of g**5/20 - 5*g**4/12 - g**3 + 9*g**2/2 - 4*g. Give r(w).
9
Let b(n) = n**3 + 4*n**2 + n + 2. Suppose 0 = 3*l - 2*l + 56. Let p = l + 62. Suppose 2*j - 4 = r + p*j, r - 2*j + 4 = 0. Calculate b(r).
-2
Let q(u) = u**3 - 10*u**2 + 27*u. Let d be q(2). Let m(z) = -z**3 + 22*z**2 + 2*z. What is m(d)?
44
Let h(x) = -3*x + 12. Suppose -m + 20*d - 24*d = -7, -35 = -3*m - 5*d. Let c(l) = -1. Let a(k) = m*c(k) + h(k). What is a(-3)?
6
Let i(n) be the first derivative of 7*n**3/3 - 3*n**2 + 2*n + 1392. Determine i(-3).
83
Let v(s) = s**3 - 6*s**2 - 7*s + 22. Suppose 109880*m - 109899*m + 114 = 0. What is v(m)?
-20
Let y be 2/(-4)*(-5 + 3 + -16). Let s(z) be the first derivative of -9*z + 1/2*z**2 + 11. Determine s(y).
0
Let f(n) = n**2 - 14*n + 18. Let u be f(-9). Let w = -226 + u. Let g(v) = 3*v**2 - 1. Let r(p) = 9*p**2 - 4. Let k(d) = 7*g(d) - 2*r(d). Determine k(w).
4
Let g(w) be the first derivative of w**3/3 - 8*w**2 + 33*w - 1500. Give g(14).
5
Suppose 0 = -2*k - g + 29, 2*k - 5*k - g = -44. Suppose 3*t - k = -2*t. Let x(b) = -t - b**2 + 5 - 7*b + 0*b**2. Determine x(-5).
12
Let h be (-13 + -1)*2/(-7). Let l(o) = -6*o + 3 - h - o + 3. Let j be 3 - (4/(-1) + 9). What is l(j)?
16
Suppose -169*j - 175 = -1 + 164. Let v(x) = -1 - 3*x + 9*x**2 - 3*x**2 - 2. Calculate v(j).
27
Let b be 1/2*(-32)/(-2 - -6). Let i(o) be the first derivative of 5*o**2/2 - 24*o + 12. Let v(r) = 2*r - 12. Let h(w) = b*i(w) + 9*v(w). Calculate h(-9).
6
Let y(b) = b**2 + 6*b + 7. Let o(x) = 0 + 2 + 30*x + 4. Let s be o(2). Suppose -2*g + 13*g = -s. Determine y(g).
7
Let w(j) be the third derivative of -j**5/30 + 11*j**4/8 - 31*j**3/2 - 2093*j**2. Give w(13).
-2
Let i(o) be the third derivative of o**4/24 + o**3/6 - 12*o**2. Suppose 5*u - w = 4*w + 130, -2*w + 60 = 2*u. Suppose 3*m + m + u = 0. Give i(m).
-6
Let t(v) = v**2 - 12*v + 11. Suppose -2*k + 44 = 2*k. Let p be t(k). Suppose 4 = 2*w - 5*q, -w + p = -2*q - 3. Let g(l) = -l + 3. Give g(w).
-4
Let d(i) = i**3 + 18*i**2 - 18*i. Let j = 3064 - 3083. Calculate d(j).
-19
Let o(a) = 2*a**2 - 10*a - 6. Let r(g) = 490*g + 2446. Let z be r(-5). Calculate o(z).
66
Suppose -5*h = -4*k - 51, 2*k - 2 = h - 17. Let m(g) = h - 3*g + 3*g - 4*g - 2*g**2 - 4 + g**3. Give m(2).
-5
Let l(a) = 2*a**3 - 96*a**2 + 46*a - 44. Let w(i) = -i**3 + 53*i**2 - 23*i + 22. Let b(m) = -3*l(m) - 5*w(m). Calculate b(22).
0
Let k(q) be the third derivative of -q**4/3 + 167*